353 + -5?
344
In base 7, what is -4 - 661?
-665
In base 14, what is c - 27?
-19
In base 6, what is 52 - 42?
10
In base 13, what is 13 + -1?
12
In base 11, what is 389 + -6?
383
In base 7, what is -32 + -2?
-34
In base 5, what is 12 + -2043?
-2031
In base 8, what is -10 + -1007?
-1017
In base 4, what is -10 + -210?
-220
In base 7, what is 5 - 534?
-526
In base 9, what is 22 - 22?
0
In base 3, what is 1 - -2210?
2211
In base 13, what is b5 - 10?
a5
In base 14, what is -9 - -7b?
72
In base 9, what is -5 + -15?
-21
In base 9, what is 127 - 2?
125
In base 12, what is 49 - 2?
47
In base 5, what is 1 + 30?
31
In base 7, what is -150 - 30?
-210
In base 13, what is -a0 + 5?
-98
In base 15, what is -12 + 68?
56
In base 15, what is -1e - b?
-2a
In base 3, what is -1 - 2200?
-2201
In base 4, what is 102213 + -2?
102211
In base 6, what is -2402 - -2?
-2400
In base 16, what is 50d + -3?
50a
In base 16, what is 51 + -3?
4e
In base 9, what is -17 - -10?
-7
In base 16, what is 7 + -56?
-4f
In base 10, what is 3972 - 0?
3972
In base 9, what is 5 - -2353?
2358
In base 13, what is 20 - -8?
28
In base 8, what is -2 + 356?
354
In base 7, what is -2640 - -4?
-2633
In base 12, what is 8 - 5?
3
In base 8, what is 4673 + -2?
4671
In base 13, what is -14 + 7?
-a
In base 5, what is 2022340 - -4?
2022344
In base 12, what is 4 - 84?
-80
In base 6, what is -5 + 142?
133
In base 5, what is -324 + -10?
-334
In base 2, what is -100001 - 10?
-100011
In base 2, what is -11 + 100010110?
100010011
In base 15, what is -2 + 78?
76
In base 8, what is 17 + -20?
-1
In base 5, what is -14 - 10?
-24
In base 6, what is 1212 + 2?
1214
In base 10, what is -688 + 1?
-687
In base 16, what is b - -22?
2d
In base 12, what is -214 - -12?
-202
In base 8, what is 17 - -2244?
2263
In base 4, what is -2 - 30?
-32
In base 15, what is 187 - 1?
186
In base 6, what is -4 + 1003?
555
In base 11, what is 25 + 209?
233
In base 13, what is 7 + -45?
-3b
In base 8, what is -3 - -115?
112
In base 14, what is -9d - 6?
-a5
In base 2, what is -1 + 110000?
101111
In base 14, what is 9ba + 6?
9c2
In base 12, what is 5 - -b?
14
In base 6, what is -22 + 101?
35
In base 2, what is 10 - -1111000010?
1111000100
In base 10, what is 701 + -3?
698
In base 8, what is 6 + -176?
-170
In base 16, what is 56 - 2?
54
In base 14, what is 3 + -713?
-710
In base 7, what is 123 + -4?
116
In base 5, what is -1 - 21?
-22
In base 4, what is 11 + -113010?
-112333
In base 10, what is 0 + -691?
-691
In base 7, what is 5 + -3611?
-3603
In base 6, what is -123 + 45?
-34
In base 3, what is 11 + -1010?
-222
In base 14, what is 229 + 3?
22c
In base 15, what is 12 - -e5?
107
In base 3, what is -2000 + 1220?
-10
In base 5, what is -14 + -41444?
-42013
In base 16, what is -1 + -253?
-254
In base 16, what is 1c61 + -2?
1c5f
In base 3, what is 102210 + -2?
102201
In base 14, what is -4c + 1?
-4b
In base 7, what is 33 + -50?
-14
In base 8, what is -121 - -24?
-75
In base 15, what is -3 + 14c?
149
In base 5, what is 3 + 210?
213
In base 13, what is 5 + 17?
1c
In base 15, what is 52 + 1?
53
In base 4, what is -130300 - -30?
-130210
In base 3, what is -11 - 11100022?
-11100110
In base 9, what is 1132 - -3?
1135
In base 7, what is 0 + 444?
444
In base 11, what is 496 - 4?
492
In base 5, what is 3 + 304?
312
In base 15, what is -5 + 23?
1d
In base 4, what is 3 + 102?
111
In base 7, what is -20 + 120?
100
In base 6, what is -20 - 201?
-221
In base 11, what is 42 + 1?
43
In base 16, what is a0 - -1a?
ba
In base 16, what is -4c + 7?
-45
In base 4, what is 10 + -33030?
-33020
In base 7, what is -101 - -2?
-66
In base 5, what is 3 - 141134?
-141131
In base 14, what is 5 + d6c?
d73
In base 10, what is 150 + 6?
156
In base 14, what is 5 + 33?
38
In base 8, what is -15 - -172?
155
In base 16, what is 2 - -c5?
c7
In base 14, what is 7b + -1?
7a
In base 12, what is -3b + 6?
-35
In base 5, what is 4134 - -3?
4142
In base 9, what is -1 - 102?
-103
In base 5, what is 3 - 14342?
-14334
In base 15, what is 2 + -612?
-610
In base 15, what is 202 - 1?
201
In base 7, what is 1 - -620?
621
In base 14, what is -2 - 4c?
-50
In base 12, what is -1aa - -3?
-1a7
In base 13, what is a - -c8?
105
In base 2, what is 100100 + -1011?
11001
In base 6, what is 4 - 210?
-202
In base 7, what is 101541 + -4?
101534
In base 10, what is -1 + 166?
165
In base 8, what is 2 + -27?
-25
In base 3, what is 120 - 1?
112
In base 15, what is 2 - -e?
11
In base 2, what is 110 + -110101011?
-110100101
In base 12, what is 12 + 1?
13
In base 10, what is 2 - -39?
41
In base 12, what is 5a - 4?
56
In base 13, what is 66b + -5?
666
In base 14, what is 36 - -4?
3a
In base 3, what is 11010220 + -1?
11010212
In base 6, what is -4552 + 5?
-4543
In base 10, what is 57 - 190?
-133
In base 13, what is -2 + 36?
34
In base 6, what is -10 - 12204?
-12214
In base 16, what is 18cb + -3?
18c8
In base 12, what is -11 - -23?
12
In base 3, what is 10 + -2120?
-2110
In base 15, what is 4 - -104d?
1052
In base 5, what is 11 + 3?
14
In base 6, what is -2 + 5551?
5545
In base 2, what is 10011101 - -1001?
10100110
In base 15, what is -1 + 3d?
3c
In base 10, what is 210 + -13?
197
In base 10, what is 203 + 4?
207
In base 9, what is 21017 - -4?
21022
In base 4, what is -120 + 2?
-112
In base 3, what is -122 - -1221?
1022
In base 11, what is -1 - -a1?
a0
In base 6, what is -21 + 25?
4
In base 3, what is 11 - -12001?
12012
In base 5, what is 1111 - 4?
1102
In base 6, what is -31001 - 1?
-31002
In base 13, what is 7892 + -4?
788b
In base 4, what is 30102311 - -3?
30102320
In base 10, what is -2 - 258?
-260
In base 7, what is 1 - 24105?
-24104
In base 11, what is 7 + -573?
-567
In base 3, what is 11 + -12211?
-12200
In base 10, what is -49 + 140?
91
In base 13, what is -445 + -5?
-44a
In base 11, what is 2062 + 3?
2065
In base 10, what is 42 - 101?
-59
In base 10, what is 21 + 21?
42
In base 13, what is -2394 + 3?
-2391
In base 7, what is -600 - -4?
-563
In base 7, what is 354 - 5?
346
In base 2, what is 100 + 10?
110
In base 5, what is -311 - -3?
-303
In base 3, what is -122 + 2122?
2000
In base 15, what is -4 + -70?
-74
In base 13, what is -83 + -3?
-86
In base 2, what is 1100011 - -100?
1100111
In base 6, what is 11 - 25?
-14
In base 2, what is 101 + -11111?
-11010
In base 11, what is -83 - -9?
-75
In base 14, what is 5 - -3a?
41
In base 9, what is -4 - -405?
401
In base 14, what is 1c8 - -3?
1cb
In base 5, what is 11 - -43?
104
In base 6, what is 100201 + -4?
100153
In base 9, what is 35 - 4?
31
In base 12, what is -4 - 0?
-4
In base 6, what is 3 - 4140?
-4133
In base 5, what is 1112 - 1042?
20
In base 7, what is 0 - 1154?
-1154
In base 14, what is 8 - 5c?
-54
In base 14, what is -16 - -69?
53
In base 2, what is 111 - -10001000?
10001111
In base 10, what is -586 - 3?
-589
In base 8, what is -21 - 22?
-43
In base 9, what is 4007 + 0?
4007
In base 3, what is -12 + -212201?
-212220
In base 4, what is 2010 - -22?
2032
In base 13, what is 26 + 0?
26
In base 6, what is -11043 + 1?
-11042
In base 10, what is -45 - 4?
-49
In base 13, what is -2 - c?
-11
In base 9, what is -3 + 4?
1
In base 5, what is -21 - -142?
121
In base 13, what is -1885 + 4?
-1881
In base 12, what is 5209 + 2?
520b
In base 8, what is -62 - 460?
-542
In base 9, what is 355 - 60?
285
In base 12, what is -66 + -7?
-71
In base 13, what is 1c + 17?
36
In base 10, what is 5580 - 4?
5576
In base 15, what is 15 - 49?
-34
In base 16, what is 5f - -2?
61
In base 14, what is -19 - 11?
-2a
In base 9, what is -12 - -25?
13
In base 5, what is -4 - -3121?
3112
In base 9, what is 11 + 1845?
1856
In base 2, what is 111111 + -1?
111110
In base 10, what is 0 - -2922?
2922
In base 3, what is -110121 - 10?
-110201
In base 7, what is 3 - 32?
-26
In base 4, what is 13 - 12020?
-12001
In base 9, what is 10 + 24?
34
In base 8, what is 5 - 1062?
-1055
In base 8, what is 1 - -74?
75
In base 10, what is 79 - 22?
57
In base 9, what is -3 + 636?
633
In base 15, what is -24 + -12?
-36
In base 2, what is 1111 - 10100101001?
-10100011010
In base 5, what is 12 + -11?
1
In base 9, what is 2742 + 5?
2747
In base 12, what is -1b - 22?
-41
In base 8, what is -5624 - 1?
-5625
In base 11, what is -1095 + 10?
-1085
In base 9, what is 114 + 10?
124
In base 11, what is 329 - -4?
332
In base 16, what i